ate the remainder when 1353 is divided by 0 + 2/(-10) - 16*(-7075)/1000.
110
Let k = -144 + 167. Let x = -15 - -17. What is the remainder when k is divided by ((-8)/(-12))/2*48/x?
7
Suppose -142 + 34 = -27*t. Let i = -53 - -83. Let x = -18 + i. Calculate the remainder when x is divided by t.
0
Let r(v) = 18*v**3 + 4*v**2 + 14*v + 36. Let a be r(-4). Let l = -647 - a. Calculate the remainder when l is divided by 14.
13
Suppose -593*k = -588*k - 85. Suppose 4*l = -k + 81. Calculate the remainder when (-1 - 9/6)*-18 is divided by l.
13
What is the remainder when 4*(-11 - (-1023)/22) is divided by 1/(5/372) - (-26)/(-65)?
68
Let z = 1661 + -1486. Calculate the remainder when z is divided by 94.
81
What is the remainder when 131525/50*(-12)/(-6) is divided by 188?
185
What is the remainder when 388 is divided by (185/(-45) - -4)*3 - 896/(-24)?
18
Suppose 12*h - 7*h - 116 = 4*f, 3*f + 3*h + 60 = 0. Calculate the remainder when (4/(-10))/(f/(-30))*-58 is divided by 8.
5
Let t(u) = u**3 + 10*u**2 - 3*u - 5. Let o be (-1)/2 + (-130)/(-4). Let i = o - 42. Calculate the remainder when 122 is divided by t(i).
22
Suppose -36*a + 5924 + 9920 = 32*a. Calculate the remainder when a is divided by 16.
9
Let b(a) = 16*a + 11. Let z(t) = -6*t. Let j(g) = -b(g) - 3*z(g). What is the remainder when 2*(-3)/(-6) + 51 is divided by j(11)?
8
Let q(z) = z + 25. Let u(w) = w**3 + 7*w**2 - 6*w - 5. Let c be u(-8). Let k be q(c). Let s(j) = 18*j + 9. What is the remainder when s(k) is divided by 21?
18
Let z(q) = 14*q**2 + 12*q + 59. Let x be z(-5). Suppose 5*s = -154 + x. Calculate the remainder when 64 is divided by s.
25
Suppose 0 = -11*c + 6296 + 6167. Suppose 20*l - c = -473. Calculate the remainder when l is divided by 18.
15
Let p = 20965 - -6092. What is the remainder when p is divided by 246?
243
Let i = 11 - -5. Calculate the remainder when ((-126)/(-39))/((-58)/(-754)) is divided by i.
10
Let a = -8 - -13. Suppose -36 + 176 = a*b. Let c(s) = -141*s + 4104. Calculate the remainder when b is divided by c(29).
13
Let l(s) = s**2 - 9*s + 264. What is the remainder when l(11) is divided by 57?
1
Let g = -14 + 17. Let j = -577 - -576. Calculate the remainder when (-121 + j)*-1*g/6 is divided by 14.
5
Suppose 60*l - 336 - 870 = 594. What is the remainder when 44 is divided by l?
14
Let c(p) = -p**3 - 12*p**2 - 15*p - 11. Suppose 5*l - 6*l + 194 = 0. Calculate the remainder when l is divided by c(-11).
29
What is the remainder when -971*(5 + 36/30*-5) is divided by 10?
1
Suppose 4*z - 8*w = -6*w + 2738, -z = 4*w - 689. Let q = z + -664. Calculate the remainder when 1/(-1)*2 + 57 is divided by q.
13
Let c = 3701 - 2196. Suppose c - 4801 = -32*f. What is the remainder when f is divided by 15?
13
Let k be (-471)/(-7) + 6/(-21). Suppose 94*p - 2768 = -79*p. Let f = k - p. What is the remainder when 152 is divided by f?
50
Let u(i) = 11*i**2 + 39*i - 186. Calculate the remainder when u(11) is divided by 57.
35
Suppose 2*u + 3*k - 268 = 0, -244 = -94*u + 92*u + 3*k. Let j(m) = -m**3 + 11*m**2 - 8*m + 13. Calculate the remainder when u is divided by j(10).
29
Suppose 540 = 4*r - 2*o, -15*r - 5*o + 540 = -11*r. What is the remainder when 496 is divided by r?
91
Let w = 58 + -53. Let t = w - 62. Let v = t + 84. What is the remainder when 52 is divided by v?
25
Let x(y) = 84*y - 40. Let p(q) = -q**3 - 33*q**2 + 35*q + 36. Let d be p(-34). What is the remainder when x(d) is divided by 22?
18
Let d be (-120)/24 - (-16 + -1). Let p = 12 - 8. Calculate the remainder when (10 - d)/(p/(-218)) is divided by 22.
21
Suppose 4854 = -14*c + 1704. Let b = -211 - c. What is the remainder when 52 is divided by b?
10
Let y = 1049 - -267. Let r = -1312 + y. Calculate the remainder when ((-6)/4)/((-1)/4) is divided by r.
2
Let u = 16862 + -14304. What is the remainder when u is divided by 80?
78
Let z(c) = 31*c. Let u be (-900)/108*(-5)/(75/18). Suppose u*s + 75 = 5*f + 8*s, 5*f = -4*s + 105. Calculate the remainder when z(1) is divided by f.
14
Let k(q) = 17*q - 2. Let m(n) = 30*n + 3. Let r be m(-1). Calculate the remainder when k(7) is divided by 537/9 + (-36)/r.
56
What is the remainder when ((-2)/(-20))/(401/3035570) is divided by 85?
77
Let m = 7574 + -7558. Calculate the remainder when 2274 is divided by m.
2
Let v be (3/5)/(-12 + (-2353)/(-195)). Suppose 2 - 30 = -2*t - d, -t - 3*d = -v. Calculate the remainder when 403 is divided by t.
13
Let b = -528 - -523. Let i(h) = h**3 + 7*h**2 + 16*h + 46. Calculate the remainder when 28 is divided by i(b).
12
Suppose -x + j + 28 = 3*x, x - 7 = -4*j. Suppose 0 = -8*k - 197 + 733. Let p = k - -15. What is the remainder when p is divided by x?
5
Let z(f) = -f**3 + 4*f**2 - 6. Let i(w) = -w**2 + 9*w + 3. Let l be i(9). Let k be z(l). Suppose 8 = k*g - 2*g. Calculate the remainder when 22 is divided by g.
6
Suppose 8*p = 29 - 5. Suppose 5*j + 2*s - 81 = 0, 0 = 4*j - 2*s + p*s - 66. Calculate the remainder when j is divided by 11.
6
Let u be (-12)/(-4) - (1 + 3 - 1). Suppose 2*g - 2*f - 16 = -u, 4*g = -4*f + 48. Calculate the remainder when 74/(-3)*(-3)/2 is divided by g.
7
Suppose -8*r = -13*r + 825. Suppose p + 2 = 7, -p = -5*z + r. Suppose -3*f = 4*g - 41, -3*f - f = -5*g - z. What is the remainder when f is divided by 6?
5
Suppose -137 = -d + 3*h, 91*d = 89*d - h + 239. What is the remainder when 727 is divided by d?
117
Suppose -2*m - 8*q = -5*q - 6, -4*q + 12 = 4*m. Suppose -3*h + 43 = 4*l, 0 = l - 0*h - m*h - 7. Calculate the remainder when 99 is divided by l.
9
Suppose -45*h + 1631 = 56. Suppose 2*m - 8 + 21 = 5*v, -3*m + 4*v = 2. What is the remainder when h is divided by m?
5
Suppose 19*v - 25*v - 43*v = -931. Calculate the remainder when 185 is divided by v.
14
Let c(l) = -l**2 - 90*l + 141. What is the remainder when c(-68) is divided by 9?
8
Suppose 0 = -7*v - 15 - 83. Calculate the remainder when 25 is divided by ((-63)/7 + 7)*v/4.
4
Calculate the remainder when 5601 is divided by 5 - -1 - (-19 - (1864 + -27)).
15
Let f(a) = 6*a**2 - 5*a - 5. What is the remainder when 410 is divided by f(4)?
55
Let k(y) = 2*y**3 + y - 2. Let r(n) = 8*n**3 - 5*n**2 - n + 3. Let d(s) = -3*k(s) + r(s). Calculate the remainder when d(4) is divided by 11.
8
Let b = -262 + 264. Let k(s) = -s**3 + 6*s**2 - 6*s + 8. Let n be k(8). Calculate the remainder when n/(-4) + (-2 + b - -1) is divided by 9.
7
Let y be -21*(-315)/(-27) + -6. Let g = 526 + y. What is the remainder when g is divided by 23?
22
Let p = 1272 + -1235. Let d = 7 - 11. What is the remainder when ((-98)/d)/(14/84) is divided by p?
36
Suppose k - 6*k = -5. Let s be (k + -2)*(4 - 9). Suppose s*v = -0*v + 655. Calculate the remainder when v is divided by 19.
17
Calculate the remainder when 196 is divided by (708/(-72) - -10)*-10*-6.
6
What is the remainder when 553 + (-144)/27 + 6/(-9) is divided by 12?
7
Let q(w) = 5*w - 26. Let g(f) = f + 6. Let r be g(0). Let v be q(r). Suppose -v*l + 76 = -0*l. What is the remainder when 74 is divided by l?
17
Let p(h) = h**3 - 5*h**2 - 2*h + 14. Let r be p(5). Suppose 0 = -r*a - 5*a. Let q = a + 17. Calculate the remainder when 45 is divided by q.
11
Calculate the remainder when (1134/105)/(11/165) is divided by 57.
48
Suppose 4*m - 6*m = -344. Suppose -4*f = -36 - m. Suppose -19*k + 25*k - 54 = 0. Calculate the remainder when f is divided by k.
7
Calculate the remainder when 794 is divided by (12/7*315/150)/((-46)/(-2415)).
38
Let v = -8 - -47. Suppose 182 = 22*x - 5 - 209. Calculate the remainder when v is divided by x.
3
Let n = 2619 + -2599. What is the remainder when 358 is divided by n?
18
Let u(s) be the first derivative of -33*s**2/2 + 9*s - 65. What is the remainder when u(-2) is divided by 16?
11
Suppose 3*s + 4*x = 1432, x - 756 + 280 = -s. What is the remainder when s is divided by 54?
40
Let b(t) = -82*t**3 - 125*t - 126. What is the remainder when 1387 is divided by b(-1)?
10
Suppose 15*g - 7*g = 0. Suppose -4*w - x + 128 = g, 3*w - 8*x - 119 = -3*x. What is the remainder when w is divided by 7?
5
Calculate the remainder when 307 is divided by (-8281)/(-52) + (9/12)/(4 + -7).
148
Let z(g) = g - 4. Suppose -4*q + 61 = 5*r, -4*r - 48 = -3*q + 21. Calculate the remainder when q is divided by z(10).
1
Suppose 3*s - 5076 = -q, 2*q - 8611 = -5*s - 1